by 888?
867
Calculate the remainder when 1041 is divided by 12.
9
What is the remainder when 16741 is divided by 5579?
4
Calculate the remainder when 20078 is divided by 207.
206
Calculate the remainder when 1877 is divided by 316.
297
What is the remainder when 43781 is divided by 26?
23
What is the remainder when 4558 is divided by 138?
4
Calculate the remainder when 183135 is divided by 72.
39
Calculate the remainder when 6723 is divided by 671.
13
Calculate the remainder when 1931363 is divided by 349.
346
Calculate the remainder when 629578 is divided by 76.
70
Calculate the remainder when 31913 is divided by 394.
393
Calculate the remainder when 106499 is divided by 60.
59
What is the remainder when 424826 is divided by 14649?
5
What is the remainder when 107349 is divided by 28?
25
What is the remainder when 346080 is divided by 522?
516
What is the remainder when 10579 is divided by 3438?
265
What is the remainder when 93054 is divided by 64?
62
What is the remainder when 15605 is divided by 677?
34
What is the remainder when 13340 is divided by 6664?
12
Calculate the remainder when 938831 is divided by 23.
17
Calculate the remainder when 1359774 is divided by 453255.
9
Calculate the remainder when 7292 is divided by 404.
20
What is the remainder when 14103 is divided by 3522?
15
Calculate the remainder when 4237 is divided by 175.
37
What is the remainder when 13039 is divided by 13029?
10
What is the remainder when 15031 is divided by 4993?
52
What is the remainder when 47996 is divided by 369?
26
What is the remainder when 11034 is divided by 11004?
30
Calculate the remainder when 52477 is divided by 153.
151
Calculate the remainder when 94289 is divided by 47140.
9
What is the remainder when 68893 is divided by 13769?
48
Calculate the remainder when 129550 is divided by 87.
7
What is the remainder when 6782 is divided by 115?
112
Calculate the remainder when 3971 is divided by 224.
163
What is the remainder when 51383 is divided by 467?
13
Calculate the remainder when 11844 is divided by 3932.
48
What is the remainder when 1882 is divided by 919?
44
Calculate the remainder when 118135 is divided by 29532.
7
What is the remainder when 10900 is divided by 643?
612
Calculate the remainder when 20338 is divided by 69.
52
Calculate the remainder when 82511 is divided by 382.
381
Calculate the remainder when 21223 is divided by 10472.
279
What is the remainder when 46992 is divided by 27?
12
Calculate the remainder when 443782 is divided by 66.
64
What is the remainder when 26757 is divided by 143?
16
Calculate the remainder when 290732 is divided by 72682.
4
Calculate the remainder when 8102 is divided by 2695.
17
Calculate the remainder when 3646907 is divided by 51.
50
Calculate the remainder when 7869 is divided by 301.
43
What is the remainder when 3609 is divided by 3554?
55
What is the remainder when 3362 is divided by 2966?
396
Calculate the remainder when 39178 is divided by 205.
23
Calculate the remainder when 61720 is divided by 104.
48
Calculate the remainder when 41759 is divided by 121.
14
Calculate the remainder when 1937 is divided by 678.
581
Calculate the remainder when 234206 is divided by 234201.
5
What is the remainder when 6838 is divided by 127?
107
What is the remainder when 903732 is divided by 35?
32
What is the remainder when 7642 is divided by 19?
4
What is the remainder when 17447 is divided by 22?
1
Calculate the remainder when 20372 is divided by 6757.
101
What is the remainder when 1114 is divided by 221?
9
What is the remainder when 22181 is divided by 898?
629
What is the remainder when 639837 is divided by 110?
77
Calculate the remainder when 1509 is divided by 689.
131
What is the remainder when 176415 is divided by 594?
591
What is the remainder when 34036 is divided by 17014?
8
Calculate the remainder when 639 is divided by 627.
12
Calculate the remainder when 1019 is divided by 162.
47
What is the remainder when 234411 is divided by 12337?
8
Calculate the remainder when 127781 is divided by 156.
17
Calculate the remainder when 120255 is divided by 27.
24
What is the remainder when 4010 is divided by 109?
86
What is the remainder when 4232 is divided by 1021?
148
Calculate the remainder when 209 is divided by 34.
5
Calculate the remainder when 47380 is divided by 1139.
681
Calculate the remainder when 64839 is divided by 10.
9
Calculate the remainder when 148073 is divided by 84.
65
Calculate the remainder when 824 is divided by 136.
8
Calculate the remainder when 15994 is divided by 101.
36
Calculate the remainder when 22515 is divided by 3214.
17
What is the remainder when 27769 is divided by 8995?
784
Calculate the remainder when 49283 is divided by 1760.
3
Calculate the remainder when 103731 is divided by 14.
5
What is the remainder when 48253 is divided by 16078?
19
Calculate the remainder when 2770791 is divided by 26.
23
What is the remainder when 8427 is divided by 312?
3
Calculate the remainder when 13001 is divided by 928.
9
Calculate the remainder when 2439 is divided by 37.
34
What is the remainder when 8043 is divided by 802?
23
What is the remainder when 353 is divided by 81?
29
What is the remainder when 76248 is divided by 193?
13
What is the remainder when 17899 is divided by 3579?
4
Calculate the remainder when 9202 is divided by 657.
4
What is the remainder when 8385 is divided by 4144?
97
Calculate the remainder when 21957 is divided by 328.
309
Calculate the remainder when 719 is divided by 32.
15
What is the remainder when 2198 is divided by 997?
204
What is the remainder when 55076 is divided by 176?
164
What is the remainder when 114285 is divided by 9521?
33
Calculate the remainder when 12387 is divided by 589.
18
What is the remainder when 2673 is divided by 47?
41
What is the remainder when 5311 is divided by 311?
24
What is the remainder when 4957 is divided by 92?
81
What is the remainder when 329637 is divided by 5?
2
Calculate the remainder when 46432 is divided by 54.
46
What is the remainder when 7248 is divided by 314?
26
What is the remainder when 170814 is divided by 1170?
1164
What is the remainder when 121632 is divided by 327?
315
What is the remainder when 35404 is divided by 27?
7
Calculate the remainder when 514073 is divided by 25.
23
Calculate the remainder when 80876 is divided by 15.
11
Calculate the remainder when 23797 is divided by 11857.
83
Calculate the remainder when 151723 is divided by 362.
45
Calculate the remainder when 195569 is divided by 20.
9
What is the remainder when 215252 is divided by 71736?
44
Calculate the remainder when 1062 is divided by 235.
122
Calculate the remainder when 12794 is divided by 4261.
11
Calculate the remainder when 123664 is divided by 41.
8
Calculate the remainder when 69073 is divided by 56.
25
Calculate the remainder when 51474 is divided by 5.
4
What is the remainder when 423680 is divided by 1688?
1680
What is the remainder when 26011 is divided by 239?
199
What is the remainder when 237408 is divided by 1115?
1028
Calculate the remainder when 9222 is divided by 9204.
18
What is the remainder when 4060 is divided by 13?
4
What is the remainder when 10979 is divided by 973?
276
What is the remainder when 235565 is divided by 104?
5
What is the remainder when 125 is divided by 30?
5
What is the remainder when 6490 is divided by 750?
490
What is the remainder when 84088 is divided by 457?
0
Calculate the remainder when 48835 is divided by 67.
59
What is the remainder when 1740 is divided by 65?
50
Calculate the remainder when 2115 is divided by 70.
15
What is the remainder when 1477 is divided by 486?
19
What is the remainder when 5300397 is divided by 24?
21
What is the remainder when 4261 is divided by 238?
215
What is the remainder when 64997 is divided by 185?
62
What is the remainder when 464429 is divided by 58?
23
What is the remainder when 39785 is divided by 503?
48
Calculate the remainder when 16492 is divided by 8.
4
Calculate the remainder when 367131 is divided by 117.
102
What is the remainder when 89370 is divided by 22339?
14
What is the remainder when 590 is divided by 181?
47
Calculate the remainder when 260970 is divided by 162.
150
Calculate the remainder when 1950 is divided by 104.
78
Wh